{"id":30,"date":"2022-10-01T15:43:29","date_gmt":"2022-10-01T13:43:29","guid":{"rendered":"https:\/\/kattierevial.com\/?page_id=30"},"modified":"2026-03-29T18:36:24","modified_gmt":"2026-03-29T16:36:24","slug":"accueil","status":"publish","type":"page","link":"https:\/\/www.couleurnude.fr\/","title":{"rendered":""},"content":{"rendered":"\t\t<div data-elementor-type=\"wp-page\" data-elementor-id=\"30\" class=\"elementor elementor-30\">\n\t\t\t\t\t\t<section class=\"elementor-section elementor-top-section elementor-element elementor-element-1dddf8fc elementor-section-boxed elementor-section-height-default elementor-section-height-default\" data-id=\"1dddf8fc\" data-element_type=\"section\" data-e-type=\"section\">\n\t\t\t\t\t\t<div class=\"elementor-container elementor-column-gap-default\">\n\t\t\t\t\t<div class=\"elementor-column elementor-col-100 elementor-top-column elementor-element elementor-element-7c12189d\" data-id=\"7c12189d\" data-element_type=\"column\" data-e-type=\"column\">\n\t\t\t<div class=\"elementor-widget-wrap elementor-element-populated\">\n\t\t\t\t\t\t<div class=\"elementor-element elementor-element-cf99240 elementor-widget elementor-widget-menu-anchor\" data-id=\"cf99240\" data-element_type=\"widget\" data-e-type=\"widget\" data-widget_type=\"menu-anchor.default\">\n\t\t\t\t\t\t\t<div class=\"elementor-menu-anchor\" id=\"1\"><\/div>\n\t\t\t\t\t\t<\/div>\n\t\t\t\t<div class=\"elementor-element elementor-element-5fa3faf0 elementor-widget elementor-widget-text-editor\" data-id=\"5fa3faf0\" data-element_type=\"widget\" data-e-type=\"widget\" data-widget_type=\"text-editor.default\">\n\t\t\t\t\t\t\t\t\t<p><style>\/*! elementor-pro - v3.6.5 - 12-04-2022 *\/<br \/>.elementor-slides .swiper-slide-bg{background-size:cover;background-position:50%;background-repeat:no-repeat;min-width:100%;min-height:100%}.elementor-slides .swiper-slide-inner{background-repeat:no-repeat;background-position:50%;position:absolute;top:0;left:0;bottom:0;right:0;padding:50px;margin:auto}.elementor-slides .swiper-slide-inner,.elementor-slides .swiper-slide-inner:hover{color:#fff;display:-webkit-box;display:-ms-flexbox;display:flex}.elementor-slides .swiper-slide-inner .elementor-background-overlay{position:absolute;z-index:0;top:0;bottom:0;left:0;right:0}.elementor-slides .swiper-slide-inner .elementor-slide-content{position:relative;z-index:1;width:100%}.elementor-slides .swiper-slide-inner .elementor-slide-heading{font-size:35px;font-weight:700;line-height:1}.elementor-slides .swiper-slide-inner .elementor-slide-description{font-size:17px;line-height:1.4}.elementor-slides .swiper-slide-inner .elementor-slide-description:not(:last-child),.elementor-slides .swiper-slide-inner .elementor-slide-heading:not(:last-child){margin-bottom:30px}.elementor-slides .swiper-slide-inner .elementor-slide-button{border:2px solid #fff;color:#fff;background:transparent;display:inline-block}.elementor-slides .swiper-slide-inner .elementor-slide-button,.elementor-slides .swiper-slide-inner .elementor-slide-button:hover{background:transparent;color:inherit;text-decoration:none}.elementor--v-position-top .swiper-slide-inner{-webkit-box-align:start;-ms-flex-align:start;align-items:flex-start}.elementor--v-position-bottom .swiper-slide-inner{-webkit-box-align:end;-ms-flex-align:end;align-items:flex-end}.elementor--v-position-middle .swiper-slide-inner{-webkit-box-align:center;-ms-flex-align:center;align-items:center}.elementor--h-position-left .swiper-slide-inner{-webkit-box-pack:start;-ms-flex-pack:start;justify-content:flex-start}.elementor--h-position-right .swiper-slide-inner{-webkit-box-pack:end;-ms-flex-pack:end;justify-content:flex-end}.elementor--h-position-center .swiper-slide-inner{-webkit-box-pack:center;-ms-flex-pack:center;justify-content:center}body.rtl .elementor-widget-slides .elementor-swiper-button-next{left:10px;right:auto}body.rtl .elementor-widget-slides .elementor-swiper-button-prev{right:10px;left:auto}.elementor-slides-wrapper div:not(.swiper-slide)>.swiper-slide-inner{display:none}@media (max-width:767px){.elementor-slides .swiper-slide-inner{padding:30px}.elementor-slides .swiper-slide-inner .elementor-slide-heading{font-size:23px;line-height:1;margin-bottom:15px}.elementor-slides .swiper-slide-inner .elementor-slide-description{font-size:13px;line-height:1.4;margin-bottom:15px}}<\/style><\/p><p><span style=\"font-size: 1.72em; color: var( --e-global-color-text ); font-family: var( --e-global-typography-text-font-family ), Sans-serif; font-weight: var( --e-global-typography-text-font-weight );\">Qui suis-je ?<\/span><\/p><p>Je m\u2019appelle <strong>Kattie<\/strong>, passionn\u00e9e d\u2019architecture d\u2019int\u00e9rieur et de d\u00e9coration.<\/p><p>J\u2019adore voyager, m\u2019abandonner dans les moindres recoins d\u2019une ville pour y d\u00e9nicher des p\u00e9pites et leur trouver une place dans mon int\u00e9rieur.<\/p><p>Je me suis lanc\u00e9e dans le coaching d\u00e9co suite \u00e0 de nombreuses r\u00e9novations et constructions r\u00e9alis\u00e9es \u00e0 titre personnel, les sollicitations et les encouragements de mon entourage m\u2019ont convaincu de me lancer.<\/p><p>Et l\u2019histoire de <strong>Couleur Nude<\/strong>\u00a0a commenc\u00e9\u00a0!<\/p><p><style>\/*! elementor - v3.6.5 - 27-04-2022 *\/<br \/>.elementor-widget-image{text-align:center}.elementor-widget-image a{display:inline-block}.elementor-widget-image a img[src$=\".svg\"]{width:48px}.elementor-widget-image img{vertical-align:middle;display:inline-block}<\/style><\/p><p><img decoding=\"async\" title=\"\" src=\"http:\/\/www.couleurnude.fr\/wp-content\/uploads\/elementor\/thumbs\/IMG-20200816-WA00042-pxzzusao9dfzjjof6gzc8p9z9ie22vykf8shstzgcc.jpg\" alt=\"\" \/><\/p><h3>Couleur Nude<\/h3><p>Parce que la d\u00e9coration, c&rsquo;est avant tout une passion, je suis tomb\u00e9e dedans d\u00e8s l\u2019am\u00e9nagement de mon premier appartement. Avec mon conjoint, nous avons encha\u00een\u00e9 les r\u00e9novations et les constructions, c\u2019est ainsi que j\u2019ai eu comme une r\u00e9v\u00e9lation de m\u2019\u00e9panouir dans cette branche.<\/p><p>Autodidacte d\u2019abord puis dipl\u00f4m\u00e9e de l&rsquo;Institut du Design, j&rsquo;ai appris \u00e0 me servir des logiciels, \u00e0 dessiner des plans 2D, 3D, d\u00e9passer les contraintes techniques, conna\u00eetre les diff\u00e9rents corps de m\u00e9tier qui interviennent sur un chantier de r\u00e9novation.<\/p><p>Mon but est de vous accompagner, vous conseiller, vous donner des id\u00e9es et vous faire des propositions d&rsquo;agencement et de d\u00e9coration pour vous sentir bien, chez vous !<\/p><p>J&rsquo;aime cr\u00e9er des espaces de vie en fonction des contraintes existantes et de la vie de chacun, le tout dans le respect de votre budget<\/p><p><style>\/*! elementor - v3.6.5 - 27-04-2022 *\/<br \/>body.elementor-page .elementor-widget-menu-anchor{margin-bottom:0}<\/style> <style>\/*! elementor - v3.6.5 - 27-04-2022 *\/<br \/>.e-container.e-container--row .elementor-spacer-inner{width:var(--spacer-size)}.e-container.e-container--column .elementor-spacer-inner,.elementor-column .elementor-spacer-inner{height:var(--spacer-size)}<\/style> <style>\/*! elementor - v3.6.5 - 27-04-2022 *\/<br \/>.elementor-heading-title{padding:0;margin:0;line-height:1}.elementor-widget-heading .elementor-heading-title[class*=elementor-size-]>a{color:inherit;font-size:inherit;line-height:inherit}.elementor-widget-heading .elementor-heading-title.elementor-size-small{font-size:15px}.elementor-widget-heading .elementor-heading-title.elementor-size-medium{font-size:19px}.elementor-widget-heading .elementor-heading-title.elementor-size-large{font-size:29px}.elementor-widget-heading .elementor-heading-title.elementor-size-xl{font-size:39px}.elementor-widget-heading .elementor-heading-title.elementor-size-xxl{font-size:59px}<\/style><\/p>\t\t\t\t\t\t\t\t<\/div>\n\t\t\t\t\t<\/div>\n\t\t<\/div>\n\t\t\t\t\t<\/div>\n\t\t<\/section>\n\t\t\t\t<section class=\"elementor-section elementor-top-section elementor-element elementor-element-c33ea1e elementor-section-boxed elementor-section-height-default elementor-section-height-default\" data-id=\"c33ea1e\" data-element_type=\"section\" data-e-type=\"section\">\n\t\t\t\t\t\t<div class=\"elementor-container elementor-column-gap-default\">\n\t\t\t\t\t<div class=\"elementor-column elementor-col-100 elementor-top-column elementor-element elementor-element-2e0325c\" data-id=\"2e0325c\" data-element_type=\"column\" data-e-type=\"column\">\n\t\t\t<div class=\"elementor-widget-wrap elementor-element-populated\">\n\t\t\t\t\t\t<div class=\"elementor-element elementor-element-2f64fba elementor-widget elementor-widget-menu-anchor\" data-id=\"2f64fba\" data-element_type=\"widget\" data-e-type=\"widget\" data-widget_type=\"menu-anchor.default\">\n\t\t\t\t\t\t\t<div class=\"elementor-menu-anchor\" id=\"3\"><\/div>\n\t\t\t\t\t\t<\/div>\n\t\t\t\t<div class=\"elementor-element elementor-element-c8ae0bf elementor-widget elementor-widget-text-editor\" data-id=\"c8ae0bf\" data-element_type=\"widget\" data-e-type=\"widget\" data-widget_type=\"text-editor.default\">\n\t\t\t\t\t\t\t\t\t<h3>Prestations<\/h3><h4>Coaching d\u00e9co<\/h4><p style=\"font-family: 'Nanum Gothic', sans-serif;\"><u><strong>Coaching d\u00e9co n\u00b01 &#8211;\u00a0<\/strong><span style=\"font-weight: bolder; color: var( --e-global-color-text ); font-family: var( --e-global-typography-text-font-family ), Sans-serif;\">250\u20ac TTC<\/span><\/u><\/p><ul><li style=\"font-family: 'Nanum Gothic', sans-serif;\">Un rendez-vous d&rsquo;\u00e9change de deux heures pour vous connaitre et d\u00e9couvrir vos envies, vos go\u00fbts et r\u00e9pondre \u00e0 vos questions\u00a0<\/li><li style=\"font-family: 'Nanum Gothic', sans-serif;\">Un partage d&rsquo;astuces, de solutions et de bonnes adresses dans le respect de votre budget.<\/li><\/ul><p><u><strong style=\"font-family: 'Nanum Gothic', sans-serif; color: var( --e-global-color-text );\">Coaching d\u00e9co n\u00b02 &#8211; \u00e0 partir de 400<\/strong><span style=\"font-weight: bold; color: var( --e-global-color-text ); font-family: var( --e-global-typography-text-font-family ), Sans-serif;\">\u20ac TTC<\/span><\/u><\/p><ul><li style=\"font-family: 'Nanum Gothic', sans-serif;\">Un rendez-vous d&rsquo;\u00e9change d&rsquo;une heure pour vous connaitre et d\u00e9couvrir vos envies, vos go\u00fbts et r\u00e9pondre \u00e0 vos questions\u00a0<\/li><li style=\"font-family: 'Nanum Gothic', sans-serif;\">Un partage d&rsquo;astuces, de solutions et de bonnes adresses dans le respect de votre budget.<\/li><li style=\"font-family: 'Nanum Gothic', sans-serif;\">1 compte rendu complet<\/li><li style=\"font-family: 'Nanum Gothic', sans-serif;\">1 planche d&rsquo;inspiration<\/li><li style=\"font-family: 'Nanum Gothic', sans-serif;\">1 <i>shopping list<\/i> avec accompagnement dans mes boutiques favorites (avec prix remis\u00e9s avec certains partenaires)<\/li><\/ul><div><p><u><span style=\"font-weight: bolder; font-family: 'Nanum Gothic', sans-serif; color: var( --e-global-color-text );\">Coaching d\u00e9co n\u00b03 &#8211; \u00e0 partir de 800\u20ac TTC<\/span><\/u><\/p><ul><li style=\"font-family: 'Nanum Gothic', sans-serif;\">Un rendez-vous d&rsquo;\u00e9change d&rsquo;une heure pour vous connaitre et d\u00e9couvrir vos envies, vos go\u00fbts et r\u00e9pondre \u00e0 vos questions\u00a0<\/li><li style=\"font-family: 'Nanum Gothic', sans-serif;\">Un partage d&rsquo;astuces, de solutions et de bonnes adresses dans le respect de votre budget.<\/li><li style=\"font-family: 'Nanum Gothic', sans-serif;\">1 compte rendu complet<\/li><li style=\"font-family: 'Nanum Gothic', sans-serif;\">2 planches d&rsquo;inspiration<\/li><li style=\"font-family: 'Nanum Gothic', sans-serif;\">1 <i>shopping list<\/i> avec accompagnement dans mes boutiques favorites (avec prix remis\u00e9s avec certains partenaires)<\/li><li style=\"font-family: 'Nanum Gothic', sans-serif;\">Accompagnement complet du projet<\/li><\/ul><p><img fetchpriority=\"high\" decoding=\"async\" src=\"http:\/\/www.couleurnude.fr\/wp-content\/uploads\/2022\/11\/cactus-1024x819.png\" sizes=\"(max-width: 840px) 100vw, 840px\" srcset=\"https:\/\/www.couleurnude.fr\/wp-content\/uploads\/2022\/11\/cactus-1024x819.png 1024w, https:\/\/www.couleurnude.fr\/wp-content\/uploads\/2022\/11\/cactus-300x240.png 300w, https:\/\/www.couleurnude.fr\/wp-content\/uploads\/2022\/11\/cactus-768x614.png 768w, https:\/\/www.couleurnude.fr\/wp-content\/uploads\/2022\/11\/cactus-1536x1229.png 1536w, https:\/\/www.couleurnude.fr\/wp-content\/uploads\/2022\/11\/cactus-75x60.png 75w, https:\/\/www.couleurnude.fr\/wp-content\/uploads\/2022\/11\/cactus.png 2000w\" alt=\"\" width=\"840\" height=\"672\" \/><\/p><\/div><h4>Accompagnement<\/h4><p><span style=\"font-weight: bolder;\">+++ A l&rsquo;\u00e9coute de mes clients, cr\u00e9ative, dynamique et s\u00e9rieuse. Je travaille les projets qui me sont confi\u00e9s avec passion pour r\u00e9pondre aux envies et aux besoins de chacun.<\/span><\/p><p>Accompagnement complet de la conception de votre projet jusqu\u2019au chiffrage des travaux.<\/p><p>D\u00e9finition d\u2019une ambiance d\u00e9corative ainsi que des solutions d\u2019agencement, r\u00e9alisation de plans 2D, planches couleurs, et mat\u00e9riaux.<\/p><p>Recherche personnalis\u00e9e de mobiliers et d&rsquo;accessoires et un chiffrage des travaux.<\/p><p><span style=\"font-weight: bolder;\">Sur devis<\/span><\/p><div><ul><li style=\"font-family: 'Nanum Gothic', sans-serif;\"><img decoding=\"async\" src=\"http:\/\/www.couleurnude.fr\/wp-content\/uploads\/2022\/11\/F8C3B973-5F4D-48C4-B0AE-5AEEA834A6A6-988x1024.jpeg\" sizes=\"(max-width: 840px) 100vw, 840px\" srcset=\"https:\/\/www.couleurnude.fr\/wp-content\/uploads\/2022\/11\/F8C3B973-5F4D-48C4-B0AE-5AEEA834A6A6-988x1024.jpeg 988w, https:\/\/www.couleurnude.fr\/wp-content\/uploads\/2022\/11\/F8C3B973-5F4D-48C4-B0AE-5AEEA834A6A6-289x300.jpeg 289w, https:\/\/www.couleurnude.fr\/wp-content\/uploads\/2022\/11\/F8C3B973-5F4D-48C4-B0AE-5AEEA834A6A6-768x796.jpeg 768w, https:\/\/www.couleurnude.fr\/wp-content\/uploads\/2022\/11\/F8C3B973-5F4D-48C4-B0AE-5AEEA834A6A6-1482x1536.jpeg 1482w, https:\/\/www.couleurnude.fr\/wp-content\/uploads\/2022\/11\/F8C3B973-5F4D-48C4-B0AE-5AEEA834A6A6-58x60.jpeg 58w, https:\/\/www.couleurnude.fr\/wp-content\/uploads\/2022\/11\/F8C3B973-5F4D-48C4-B0AE-5AEEA834A6A6.jpeg 1667w\" alt=\"\" width=\"840\" height=\"871\" \/><\/li><\/ul><\/div><p style=\"font-family: 'Nanum Gothic', sans-serif;\"><span style=\"font-size: 1.39em; color: var( --e-global-color-text ); font-family: var( --e-global-typography-text-font-family ), Sans-serif;\"><b>Projection 3D ou Image r\u00e9aliste<\/b><\/span><\/p><p>\u00c0 partir d&rsquo;une photo et d&rsquo;un plan c\u00f4t\u00e9, projection en 3D ou en image r\u00e9aliste de vos espaces au rendu r\u00e9aliste avec une ambiance d\u00e9corative de votre souhait.<\/p><p><span style=\"font-weight: bolder;\">18\u20ac TTC par m\u00b2<\/span><br \/><img decoding=\"async\" src=\"http:\/\/www.couleurnude.fr\/wp-content\/uploads\/2022\/11\/11893-1024x613.jpg\" sizes=\"(max-width: 840px) 100vw, 840px\" srcset=\"https:\/\/www.couleurnude.fr\/wp-content\/uploads\/2022\/11\/11893-1024x613.jpg 1024w, https:\/\/www.couleurnude.fr\/wp-content\/uploads\/2022\/11\/11893-300x180.jpg 300w, https:\/\/www.couleurnude.fr\/wp-content\/uploads\/2022\/11\/11893-768x460.jpg 768w, https:\/\/www.couleurnude.fr\/wp-content\/uploads\/2022\/11\/11893-1536x919.jpg 1536w, https:\/\/www.couleurnude.fr\/wp-content\/uploads\/2022\/11\/11893-100x60.jpg 100w, https:\/\/www.couleurnude.fr\/wp-content\/uploads\/2022\/11\/11893.jpg 1576w\" alt=\"\" width=\"840\" height=\"503\" \/><\/p><h4>Am\u00e9nagement &#8211; Mise en sc\u00e8ne<\/h4><p>Je vous accompagne pour installer vos meubles ainsi que vos d\u00e9corations.<br \/>Tout le n\u00e9cessaire pour un avoir int\u00e9rieur qui vous ressemble.<\/p><p><span style=\"font-weight: bolder;\">300\u20ac TTC pour 4 heures<\/span><\/p><h4>Personal shopper<\/h4><p><span style=\"font-weight: bolder;\">+++ Je chine pour vous la p\u00e9pite qui va sublimer vos int\u00e9rieurs.<\/span><\/p><p>Accompagnement et conseils personnalis\u00e9s chez mes fournisseurs pr\u00e9f\u00e9r\u00e9s sur Lyon et ses alentours.<\/p><p><span style=\"font-weight: bolder;\">180\u20ac TTC \/ demi-journ\u00e9e<\/span><\/p><h4>Suivi des travaux<\/h4><p>Coordination et contr\u00f4le de la conformit\u00e9 esth\u00e9tique des travaux par rapport au projet valid\u00e9.<\/p><p><span style=\"font-weight: bolder;\">Sur devis<\/span><\/p>\t\t\t\t\t\t\t\t<\/div>\n\t\t\t\t<div class=\"elementor-element elementor-element-972754f elementor-widget elementor-widget-menu-anchor\" data-id=\"972754f\" data-element_type=\"widget\" data-e-type=\"widget\" data-widget_type=\"menu-anchor.default\">\n\t\t\t\t\t\t\t<div class=\"elementor-menu-anchor\" id=\"6\"><\/div>\n\t\t\t\t\t\t<\/div>\n\t\t\t\t<div class=\"elementor-element elementor-element-9296b78 elementor-widget elementor-widget-text-editor\" data-id=\"9296b78\" data-element_type=\"widget\" data-e-type=\"widget\" data-widget_type=\"text-editor.default\">\n\t\t\t\t\t\t\t\t\t<h3>Un projet de d\u00e9coration ou une envie de r\u00e9novation de votre int\u00e9rieur?<\/h3>\n<p><span style=\"font-weight: bolder;\">Contactez-nous !<\/span><\/p>\n<p>Kattie Revial &#8211; d\u00e9coratrice d&rsquo;int\u00e9rieur dipl\u00f4m\u00e9e IDI<\/p>\n<p><strong>0624051358<\/strong><\/p>\n<p>kattie.revial@gmail.com<\/p>\n<p><a href=\"http:\/\/www.couleurnude.fr\" target=\"_blank\" rel=\"noopener\">www.couleurnude.fr<\/a><\/p>\t\t\t\t\t\t\t\t<\/div>\n\t\t\t\t<div class=\"elementor-element elementor-element-6c446e7 elementor-widget elementor-widget-spacer\" data-id=\"6c446e7\" data-element_type=\"widget\" data-e-type=\"widget\" data-widget_type=\"spacer.default\">\n\t\t\t\t\t\t\t<div class=\"elementor-spacer\">\n\t\t\t<div class=\"elementor-spacer-inner\"><\/div>\n\t\t<\/div>\n\t\t\t\t\t\t<\/div>\n\t\t\t\t\t<\/div>\n\t\t<\/div>\n\t\t\t\t\t<\/div>\n\t\t<\/section>\n\t\t\t\t<\/div>\n\t\t","protected":false},"excerpt":{"rendered":"<p>Qui suis-je ? Je m\u2019appelle Kattie, passionn\u00e9e d\u2019architecture d\u2019int\u00e9rieur et de d\u00e9coration. J\u2019adore voyager, m\u2019abandonner dans les moindres recoins d\u2019une ville pour y d\u00e9nicher des &hellip; <\/p>\n","protected":false},"author":1,"featured_media":1380,"parent":0,"menu_order":0,"comment_status":"closed","ping_status":"closed","template":"","meta":{"om_disable_all_campaigns":false,"_monsterinsights_skip_tracking":false,"_monsterinsights_sitenote_active":false,"_monsterinsights_sitenote_note":"","_monsterinsights_sitenote_category":0,"footnotes":""},"class_list":["post-30","page","type-page","status-publish","has-post-thumbnail","hentry","latest_post"],"aioseo_notices":[],"_links":{"self":[{"href":"https:\/\/www.couleurnude.fr\/index.php\/wp-json\/wp\/v2\/pages\/30","targetHints":{"allow":["GET"]}}],"collection":[{"href":"https:\/\/www.couleurnude.fr\/index.php\/wp-json\/wp\/v2\/pages"}],"about":[{"href":"https:\/\/www.couleurnude.fr\/index.php\/wp-json\/wp\/v2\/types\/page"}],"author":[{"embeddable":true,"href":"https:\/\/www.couleurnude.fr\/index.php\/wp-json\/wp\/v2\/users\/1"}],"replies":[{"embeddable":true,"href":"https:\/\/www.couleurnude.fr\/index.php\/wp-json\/wp\/v2\/comments?post=30"}],"version-history":[{"count":649,"href":"https:\/\/www.couleurnude.fr\/index.php\/wp-json\/wp\/v2\/pages\/30\/revisions"}],"predecessor-version":[{"id":1504,"href":"https:\/\/www.couleurnude.fr\/index.php\/wp-json\/wp\/v2\/pages\/30\/revisions\/1504"}],"wp:featuredmedia":[{"embeddable":true,"href":"https:\/\/www.couleurnude.fr\/index.php\/wp-json\/wp\/v2\/media\/1380"}],"wp:attachment":[{"href":"https:\/\/www.couleurnude.fr\/index.php\/wp-json\/wp\/v2\/media?parent=30"}],"curies":[{"name":"wp","href":"https:\/\/api.w.org\/{rel}","templated":true}]}}